{"id":2643,"date":"2022-04-29T03:46:02","date_gmt":"2022-04-29T03:46:02","guid":{"rendered":"http:\/\/sw-themes.com\/porto_dummy\/?post_type=porto_builder&#038;p=2643"},"modified":"2025-05-19T18:11:19","modified_gmt":"2025-05-19T16:11:19","slug":"archivo-miembros","status":"publish","type":"porto_builder","link":"https:\/\/ismaelquesada-personalcare.com\/en\/?porto_builder=archivo-miembros","title":{"rendered":"Archivo Miembros"},"content":{"rendered":"\t\t<div data-elementor-type=\"wp-post\" data-elementor-id=\"2643\" class=\"elementor elementor-2643\">\n\t\t\t\t\t\t<section class=\"elementor-section elementor-top-section elementor-element elementor-element-de83e88 m-t-xlg m-b-xxl p-b-sm elementor-section-boxed elementor-section-height-default elementor-section-height-default\" data-id=\"de83e88\" data-element_type=\"section\" data-e-type=\"section\">\r\n\t\t\r\n\t\t\t\t\t\t\t<div class=\"elementor-container elementor-column-gap-default\">\r\n\t\t\t\t\t\t\t\t\t\t\t<div class=\"elementor-column elementor-col-100 elementor-top-column elementor-element elementor-element-8abb507\" data-id=\"8abb507\" data-element_type=\"column\" data-e-type=\"column\">\r\n\t\t\t\t\t<div class=\"elementor-widget-wrap\">\r\n\t\t\t\t\t\t\t\t\t<\/div>\r\n\t\t\t\t<\/div>\r\n\t\t\t\t\t<\/div>\r\n\t\t\t\t<\/section>\r\n\t\t\t\t<\/div>\n\t\t","protected":false},"author":1,"featured_media":0,"template":"","porto_builder_type":[74],"class_list":["post-2643","porto_builder","type-porto_builder","status-publish","hentry"],"acf":[],"yoast_head":"<!-- This site is optimized with the Yoast SEO plugin v27.4 - https:\/\/yoast.com\/product\/yoast-seo-wordpress\/ -->\n<title>Archivo Miembros - Personal Care<\/title>\n<meta name=\"robots\" content=\"index, follow, max-snippet:-1, max-image-preview:large, max-video-preview:-1\" \/>\n<link rel=\"canonical\" href=\"https:\/\/ismaelquesada-personalcare.com\/en\/?porto_builder=archivo-miembros\" \/>\n<meta property=\"og:locale\" content=\"en_US\" \/>\n<meta property=\"og:type\" content=\"article\" \/>\n<meta property=\"og:title\" content=\"Archivo Miembros - Personal Care\" \/>\n<meta property=\"og:description\" content=\"Departamento Comercial Javier Quesada Responsable De Compras y Calidad Amparo Botella Directora General Cristina Quesada Presidente Ismael Quesada Responsable De Log\u00edstica Fernando Sumba Responsable De Almac\u00e9n Mar\u00eda Leonis Desarrollo de Negocio Antonio Menargues Director Comercial Jos\u00e9 Luis Marhuenda Responsable De Almac\u00e9n Miguel \u00c1ngel Paredes\" \/>\n<meta property=\"og:url\" content=\"https:\/\/ismaelquesada-personalcare.com\/en\/?porto_builder=archivo-miembros\" \/>\n<meta property=\"og:site_name\" content=\"Personal Care\" \/>\n<meta property=\"article:modified_time\" content=\"2025-05-19T16:11:19+00:00\" \/>\n<meta property=\"og:image\" content=\"https:\/\/ismaelquesada-personalcare.com\/wp-content\/uploads\/2022\/04\/javi.jpg\" \/>\n<meta name=\"twitter:card\" content=\"summary_large_image\" \/>\n<meta name=\"twitter:label1\" content=\"Est. reading time\" \/>\n\t<meta name=\"twitter:data1\" content=\"3 minutes\" \/>\n<script type=\"application\/ld+json\" class=\"yoast-schema-graph\">{\"@context\":\"https:\\\/\\\/schema.org\",\"@graph\":[{\"@type\":\"WebPage\",\"@id\":\"https:\\\/\\\/ismaelquesada-personalcare.com\\\/en\\\/?porto_builder=archivo-miembros\",\"url\":\"https:\\\/\\\/ismaelquesada-personalcare.com\\\/en\\\/?porto_builder=archivo-miembros\",\"name\":\"Archivo Miembros - Personal Care\",\"isPartOf\":{\"@id\":\"https:\\\/\\\/ismaelquesada-personalcare.com\\\/en\\\/#website\"},\"primaryImageOfPage\":{\"@id\":\"https:\\\/\\\/ismaelquesada-personalcare.com\\\/en\\\/?porto_builder=archivo-miembros#primaryimage\"},\"image\":{\"@id\":\"https:\\\/\\\/ismaelquesada-personalcare.com\\\/en\\\/?porto_builder=archivo-miembros#primaryimage\"},\"thumbnailUrl\":\"https:\\\/\\\/ismaelquesada-personalcare.com\\\/wp-content\\\/uploads\\\/2022\\\/04\\\/javi.jpg\",\"datePublished\":\"2022-04-29T03:46:02+00:00\",\"dateModified\":\"2025-05-19T16:11:19+00:00\",\"breadcrumb\":{\"@id\":\"https:\\\/\\\/ismaelquesada-personalcare.com\\\/en\\\/?porto_builder=archivo-miembros#breadcrumb\"},\"inLanguage\":\"en-US\",\"potentialAction\":[{\"@type\":\"ReadAction\",\"target\":[\"https:\\\/\\\/ismaelquesada-personalcare.com\\\/en\\\/?porto_builder=archivo-miembros\"]}]},{\"@type\":\"ImageObject\",\"inLanguage\":\"en-US\",\"@id\":\"https:\\\/\\\/ismaelquesada-personalcare.com\\\/en\\\/?porto_builder=archivo-miembros#primaryimage\",\"url\":\"https:\\\/\\\/ismaelquesada-personalcare.com\\\/wp-content\\\/uploads\\\/2022\\\/04\\\/javi.jpg\",\"contentUrl\":\"https:\\\/\\\/ismaelquesada-personalcare.com\\\/wp-content\\\/uploads\\\/2022\\\/04\\\/javi.jpg\"},{\"@type\":\"BreadcrumbList\",\"@id\":\"https:\\\/\\\/ismaelquesada-personalcare.com\\\/en\\\/?porto_builder=archivo-miembros#breadcrumb\",\"itemListElement\":[{\"@type\":\"ListItem\",\"position\":1,\"name\":\"Inicio\",\"item\":\"https:\\\/\\\/ismaelquesada-personalcare.com\\\/en\\\/home\\\/\"},{\"@type\":\"ListItem\",\"position\":2,\"name\":\"Archivo Miembros\"}]},{\"@type\":\"WebSite\",\"@id\":\"https:\\\/\\\/ismaelquesada-personalcare.com\\\/en\\\/#website\",\"url\":\"https:\\\/\\\/ismaelquesada-personalcare.com\\\/en\\\/\",\"name\":\"Personal Care\",\"description\":\"\",\"publisher\":{\"@id\":\"https:\\\/\\\/ismaelquesada-personalcare.com\\\/en\\\/#organization\"},\"potentialAction\":[{\"@type\":\"SearchAction\",\"target\":{\"@type\":\"EntryPoint\",\"urlTemplate\":\"https:\\\/\\\/ismaelquesada-personalcare.com\\\/en\\\/?s={search_term_string}\"},\"query-input\":{\"@type\":\"PropertyValueSpecification\",\"valueRequired\":true,\"valueName\":\"search_term_string\"}}],\"inLanguage\":\"en-US\"},{\"@type\":\"Organization\",\"@id\":\"https:\\\/\\\/ismaelquesada-personalcare.com\\\/en\\\/#organization\",\"name\":\"Personal Care\",\"url\":\"https:\\\/\\\/ismaelquesada-personalcare.com\\\/en\\\/\",\"logo\":{\"@type\":\"ImageObject\",\"inLanguage\":\"en-US\",\"@id\":\"https:\\\/\\\/ismaelquesada-personalcare.com\\\/en\\\/#\\\/schema\\\/logo\\\/image\\\/\",\"url\":\"https:\\\/\\\/ismaelquesada-personalcare.com\\\/wp-content\\\/uploads\\\/2025\\\/05\\\/logo.png\",\"contentUrl\":\"https:\\\/\\\/ismaelquesada-personalcare.com\\\/wp-content\\\/uploads\\\/2025\\\/05\\\/logo.png\",\"width\":415,\"height\":237,\"caption\":\"Personal Care\"},\"image\":{\"@id\":\"https:\\\/\\\/ismaelquesada-personalcare.com\\\/en\\\/#\\\/schema\\\/logo\\\/image\\\/\"}}]}<\/script>\n<!-- \/ Yoast SEO plugin. -->","yoast_head_json":{"title":"Archivo Miembros - Personal Care","robots":{"index":"index","follow":"follow","max-snippet":"max-snippet:-1","max-image-preview":"max-image-preview:large","max-video-preview":"max-video-preview:-1"},"canonical":"https:\/\/ismaelquesada-personalcare.com\/en\/?porto_builder=archivo-miembros","og_locale":"en_US","og_type":"article","og_title":"Archivo Miembros - Personal Care","og_description":"Departamento Comercial Javier Quesada Responsable De Compras y Calidad Amparo Botella Directora General Cristina Quesada Presidente Ismael Quesada Responsable De Log\u00edstica Fernando Sumba Responsable De Almac\u00e9n Mar\u00eda Leonis Desarrollo de Negocio Antonio Menargues Director Comercial Jos\u00e9 Luis Marhuenda Responsable De Almac\u00e9n Miguel \u00c1ngel Paredes","og_url":"https:\/\/ismaelquesada-personalcare.com\/en\/?porto_builder=archivo-miembros","og_site_name":"Personal Care","article_modified_time":"2025-05-19T16:11:19+00:00","og_image":[{"url":"https:\/\/ismaelquesada-personalcare.com\/wp-content\/uploads\/2022\/04\/javi.jpg","type":"","width":"","height":""}],"twitter_card":"summary_large_image","twitter_misc":{"Est. reading time":"3 minutes"},"schema":{"@context":"https:\/\/schema.org","@graph":[{"@type":"WebPage","@id":"https:\/\/ismaelquesada-personalcare.com\/en\/?porto_builder=archivo-miembros","url":"https:\/\/ismaelquesada-personalcare.com\/en\/?porto_builder=archivo-miembros","name":"Archivo Miembros - Personal Care","isPartOf":{"@id":"https:\/\/ismaelquesada-personalcare.com\/en\/#website"},"primaryImageOfPage":{"@id":"https:\/\/ismaelquesada-personalcare.com\/en\/?porto_builder=archivo-miembros#primaryimage"},"image":{"@id":"https:\/\/ismaelquesada-personalcare.com\/en\/?porto_builder=archivo-miembros#primaryimage"},"thumbnailUrl":"https:\/\/ismaelquesada-personalcare.com\/wp-content\/uploads\/2022\/04\/javi.jpg","datePublished":"2022-04-29T03:46:02+00:00","dateModified":"2025-05-19T16:11:19+00:00","breadcrumb":{"@id":"https:\/\/ismaelquesada-personalcare.com\/en\/?porto_builder=archivo-miembros#breadcrumb"},"inLanguage":"en-US","potentialAction":[{"@type":"ReadAction","target":["https:\/\/ismaelquesada-personalcare.com\/en\/?porto_builder=archivo-miembros"]}]},{"@type":"ImageObject","inLanguage":"en-US","@id":"https:\/\/ismaelquesada-personalcare.com\/en\/?porto_builder=archivo-miembros#primaryimage","url":"https:\/\/ismaelquesada-personalcare.com\/wp-content\/uploads\/2022\/04\/javi.jpg","contentUrl":"https:\/\/ismaelquesada-personalcare.com\/wp-content\/uploads\/2022\/04\/javi.jpg"},{"@type":"BreadcrumbList","@id":"https:\/\/ismaelquesada-personalcare.com\/en\/?porto_builder=archivo-miembros#breadcrumb","itemListElement":[{"@type":"ListItem","position":1,"name":"Inicio","item":"https:\/\/ismaelquesada-personalcare.com\/en\/home\/"},{"@type":"ListItem","position":2,"name":"Archivo Miembros"}]},{"@type":"WebSite","@id":"https:\/\/ismaelquesada-personalcare.com\/en\/#website","url":"https:\/\/ismaelquesada-personalcare.com\/en\/","name":"Personal Care","description":"","publisher":{"@id":"https:\/\/ismaelquesada-personalcare.com\/en\/#organization"},"potentialAction":[{"@type":"SearchAction","target":{"@type":"EntryPoint","urlTemplate":"https:\/\/ismaelquesada-personalcare.com\/en\/?s={search_term_string}"},"query-input":{"@type":"PropertyValueSpecification","valueRequired":true,"valueName":"search_term_string"}}],"inLanguage":"en-US"},{"@type":"Organization","@id":"https:\/\/ismaelquesada-personalcare.com\/en\/#organization","name":"Personal Care","url":"https:\/\/ismaelquesada-personalcare.com\/en\/","logo":{"@type":"ImageObject","inLanguage":"en-US","@id":"https:\/\/ismaelquesada-personalcare.com\/en\/#\/schema\/logo\/image\/","url":"https:\/\/ismaelquesada-personalcare.com\/wp-content\/uploads\/2025\/05\/logo.png","contentUrl":"https:\/\/ismaelquesada-personalcare.com\/wp-content\/uploads\/2025\/05\/logo.png","width":415,"height":237,"caption":"Personal Care"},"image":{"@id":"https:\/\/ismaelquesada-personalcare.com\/en\/#\/schema\/logo\/image\/"}}]}},"_links":{"self":[{"href":"https:\/\/ismaelquesada-personalcare.com\/en\/wp-json\/wp\/v2\/porto_builder\/2643","targetHints":{"allow":["GET"]}}],"collection":[{"href":"https:\/\/ismaelquesada-personalcare.com\/en\/wp-json\/wp\/v2\/porto_builder"}],"about":[{"href":"https:\/\/ismaelquesada-personalcare.com\/en\/wp-json\/wp\/v2\/types\/porto_builder"}],"author":[{"embeddable":true,"href":"https:\/\/ismaelquesada-personalcare.com\/en\/wp-json\/wp\/v2\/users\/1"}],"version-history":[{"count":2,"href":"https:\/\/ismaelquesada-personalcare.com\/en\/wp-json\/wp\/v2\/porto_builder\/2643\/revisions"}],"predecessor-version":[{"id":4531,"href":"https:\/\/ismaelquesada-personalcare.com\/en\/wp-json\/wp\/v2\/porto_builder\/2643\/revisions\/4531"}],"wp:attachment":[{"href":"https:\/\/ismaelquesada-personalcare.com\/en\/wp-json\/wp\/v2\/media?parent=2643"}],"wp:term":[{"taxonomy":"porto_builder_type","embeddable":true,"href":"https:\/\/ismaelquesada-personalcare.com\/en\/wp-json\/wp\/v2\/porto_builder_type?post=2643"}],"curies":[{"name":"wp","href":"https:\/\/api.w.org\/{rel}","templated":true}]}}

<!-- This site is optimized with the Yoast SEO plugin v27.4 - https://yoast.com/product/yoast-seo-wordpress/ -->
<title>Archivo Miembros - Personal Care</title>
<meta name="robots" content="index, follow, max-snippet:-1, max-image-preview:large, max-video-preview:-1" />
<link rel="canonical" href="https://ismaelquesada-personalcare.com/en/?porto_builder=archivo-miembros" />
<meta property="og:locale" content="en_US" />
<meta property="og:type" content="article" />
<meta property="og:title" content="Archivo Miembros - Personal Care" />
<meta property="og:description" content="Departamento Comercial Javier Quesada Responsable De Compras y Calidad Amparo Botella Directora General Cristina Quesada Presidente Ismael Quesada Responsable De Logística Fernando Sumba Responsable De Almacén María Leonis Desarrollo de Negocio Antonio Menargues Director Comercial José Luis Marhuenda Responsable De Almacén Miguel Ángel Paredes" />
<meta property="og:url" content="https://ismaelquesada-personalcare.com/en/?porto_builder=archivo-miembros" />
<meta property="og:site_name" content="Personal Care" />
<meta property="article:modified_time" content="2025-05-19T16:11:19+00:00" />
<meta property="og:image" content="https://ismaelquesada-personalcare.com/wp-content/uploads/2022/04/javi.jpg" />
<meta name="twitter:card" content="summary_large_image" />
<meta name="twitter:label1" content="Est. reading time" />
	<meta name="twitter:data1" content="3 minutes" />
<script type="application/ld+json" class="yoast-schema-graph">{"@context":"https:\/\/schema.org","@graph":[{"@type":"WebPage","@id":"https:\/\/ismaelquesada-personalcare.com\/en\/?porto_builder=archivo-miembros","url":"https:\/\/ismaelquesada-personalcare.com\/en\/?porto_builder=archivo-miembros","name":"Archivo Miembros - Personal Care","isPartOf":{"@id":"https:\/\/ismaelquesada-personalcare.com\/en\/#website"},"primaryImageOfPage":{"@id":"https:\/\/ismaelquesada-personalcare.com\/en\/?porto_builder=archivo-miembros#primaryimage"},"image":{"@id":"https:\/\/ismaelquesada-personalcare.com\/en\/?porto_builder=archivo-miembros#primaryimage"},"thumbnailUrl":"https:\/\/ismaelquesada-personalcare.com\/wp-content\/uploads\/2022\/04\/javi.jpg","datePublished":"2022-04-29T03:46:02+00:00","dateModified":"2025-05-19T16:11:19+00:00","breadcrumb":{"@id":"https:\/\/ismaelquesada-personalcare.com\/en\/?porto_builder=archivo-miembros#breadcrumb"},"inLanguage":"en-US","potentialAction":[{"@type":"ReadAction","target":["https:\/\/ismaelquesada-personalcare.com\/en\/?porto_builder=archivo-miembros"]}]},{"@type":"ImageObject","inLanguage":"en-US","@id":"https:\/\/ismaelquesada-personalcare.com\/en\/?porto_builder=archivo-miembros#primaryimage","url":"https:\/\/ismaelquesada-personalcare.com\/wp-content\/uploads\/2022\/04\/javi.jpg","contentUrl":"https:\/\/ismaelquesada-personalcare.com\/wp-content\/uploads\/2022\/04\/javi.jpg"},{"@type":"BreadcrumbList","@id":"https:\/\/ismaelquesada-personalcare.com\/en\/?porto_builder=archivo-miembros#breadcrumb","itemListElement":[{"@type":"ListItem","position":1,"name":"Inicio","item":"https:\/\/ismaelquesada-personalcare.com\/en\/home\/"},{"@type":"ListItem","position":2,"name":"Archivo Miembros"}]},{"@type":"WebSite","@id":"https:\/\/ismaelquesada-personalcare.com\/en\/#website","url":"https:\/\/ismaelquesada-personalcare.com\/en\/","name":"Personal Care","description":"","publisher":{"@id":"https:\/\/ismaelquesada-personalcare.com\/en\/#organization"},"potentialAction":[{"@type":"SearchAction","target":{"@type":"EntryPoint","urlTemplate":"https:\/\/ismaelquesada-personalcare.com\/en\/?s={search_term_string}"},"query-input":{"@type":"PropertyValueSpecification","valueRequired":true,"valueName":"search_term_string"}}],"inLanguage":"en-US"},{"@type":"Organization","@id":"https:\/\/ismaelquesada-personalcare.com\/en\/#organization","name":"Personal Care","url":"https:\/\/ismaelquesada-personalcare.com\/en\/","logo":{"@type":"ImageObject","inLanguage":"en-US","@id":"https:\/\/ismaelquesada-personalcare.com\/en\/#\/schema\/logo\/image\/","url":"https:\/\/ismaelquesada-personalcare.com\/wp-content\/uploads\/2025\/05\/logo.png","contentUrl":"https:\/\/ismaelquesada-personalcare.com\/wp-content\/uploads\/2025\/05\/logo.png","width":415,"height":237,"caption":"Personal Care"},"image":{"@id":"https:\/\/ismaelquesada-personalcare.com\/en\/#\/schema\/logo\/image\/"}}]}</script>
<!-- / Yoast SEO plugin. -->

Departamento Comercial Javier Quesada Responsable De Compras y Calidad Amparo Botella Directora General Cristina Quesada Presidente Ismael Quesada Responsable De Logística Fernando Sumba Responsable De Almacén María Leonis Desarrollo de Negocio Antonio Menargues Director Comercial José Luis Marhuenda Responsable De Almacén Miguel Ángel Paredes
